- 41e?
-37b
In base 13, what is -b - 9343?
-9351
In base 9, what is -6 - -34855?
34848
In base 13, what is -5c7c + -61?
-6010
In base 15, what is 2 + 3aac?
3aae
In base 7, what is -540 - -2314?
1444
In base 11, what is -2928 - 2a?
-2957
In base 4, what is -133213 - 132031?
-331310
In base 10, what is -47 + 18208?
18161
In base 11, what is -1191 - 13?
-11a4
In base 4, what is -130302 - 223?
-131131
In base 8, what is 13267 - -157?
13446
In base 7, what is 3 + 24304?
24310
In base 3, what is 210001 + -1211112?
-1001111
In base 14, what is 63723 - 0?
63723
In base 6, what is -21045 + 222?
-20423
In base 2, what is 10010111111000010010 + -10?
10010111111000010000
In base 10, what is -6655 + -40?
-6695
In base 14, what is a - 686b?
-6861
In base 12, what is 209 - -323?
530
In base 13, what is -1 - 61621?
-61622
In base 5, what is -4 + 303440?
303431
In base 12, what is -603 + -286?
-889
In base 11, what is 1470 + 8?
1478
In base 9, what is 1 - -86105?
86106
In base 9, what is 832 - -1006?
1838
In base 7, what is 0 + 14106?
14106
In base 2, what is 111000110101011 + 10010?
111000110111101
In base 9, what is -1145 + 1?
-1144
In base 14, what is 4a9 - -4?
4ad
In base 15, what is -48e74 - -c?
-48e67
In base 4, what is 23211 - 1303?
21302
In base 7, what is 203025 - 130?
202565
In base 9, what is 6 - -1487856?
1487863
In base 4, what is -222131123 - -21?
-222131102
In base 13, what is 18c - 25?
167
In base 10, what is -16512 + 0?
-16512
In base 11, what is -1741 + 151?
-15a0
In base 16, what is 465c - -6?
4662
In base 7, what is 51110 + -13?
51064
In base 16, what is -dd + -47?
-124
In base 16, what is 4 + 32ed6?
32eda
In base 9, what is 10 + 16830?
16840
In base 4, what is 22221 - -2011?
30232
In base 2, what is 1000110010001 - -1?
1000110010010
In base 7, what is 26 + 43100?
43126
In base 12, what is 2a0487 + -8?
2a047b
In base 2, what is -10101000010100 - -111010?
-10100111011010
In base 13, what is -1 - ccc7?
-ccc8
In base 6, what is -10 + -4045555?
-4050005
In base 6, what is 1 - -1445211?
1445212
In base 6, what is 5 + -441044?
-441035
In base 12, what is -2 + -26930?
-26932
In base 15, what is 2574a - 3?
25747
In base 13, what is 3 - -1940?
1943
In base 8, what is -12 - 70334?
-70346
In base 7, what is 31 - -5042?
5103
In base 9, what is 4 - 328458?
-328454
In base 7, what is 2 + -2534414?
-2534412
In base 5, what is 133212213 - -3?
133212221
In base 8, what is 20447 + 6?
20455
In base 14, what is 14 + 3adb8?
3adcc
In base 12, what is 9653 + 57?
96aa
In base 14, what is -456 - -22?
-434
In base 6, what is -214304 - 5?
-214313
In base 15, what is 3075b + 5?
30761
In base 11, what is -303 - 22?
-325
In base 14, what is -3 + 35d81?
35d7c
In base 5, what is -10 - 13213321?
-13213331
In base 11, what is -26 + -94?
-10a
In base 12, what is 570 - -19?
589
In base 7, what is -44 + -505326?
-505403
In base 16, what is -d - -1136?
1129
In base 2, what is 11101011110 - 110?
11101011000
In base 10, what is -49 - 45088?
-45137
In base 16, what is 583 + e?
591
In base 5, what is 10344234 - -14?
10344303
In base 3, what is 101100211010 + -11?
101100210222
In base 12, what is -237 + -55?
-290
In base 14, what is 2b - a712?
-a6c5
In base 11, what is 49520 + 2a?
4954a
In base 13, what is 607 - -293?
89a
In base 14, what is -1431c - 2b?
-14349
In base 9, what is 3733 + 1?
3734
In base 3, what is 2 - 120101202?
-120101200
In base 6, what is -54434 + -223?
-55101
In base 3, what is 11 + 1221101112021?
1221101112102
In base 12, what is -1550 + -11?
-1561
In base 2, what is 1 + 100100011011111?
100100011100000
In base 3, what is -121101012 - 121?
-121101210
In base 3, what is -100000220 - 1001?
-100001221
In base 5, what is 4 + -4241041?
-4241032
In base 11, what is -3 + -1732?
-1735
In base 3, what is 2122 + -122?
2000
In base 5, what is 10 - 330333012?
-330333002
In base 8, what is 1127 + 3413?
4542
In base 10, what is -161 - 341?
-502
In base 13, what is 9a - 545?
-478
In base 7, what is 120215 - -2?
120220
In base 15, what is 6c697 + -a?
6c68c
In base 4, what is 233 - -31003211?
31010110
In base 3, what is 1220201 - 100121?
1120010
In base 15, what is 26 + -9a57?
-9a31
In base 14, what is -3 + 1b855?
1b852
In base 8, what is 1147523 - 1?
1147522
In base 16, what is 18d17 + -5?
18d12
In base 4, what is -101 - -3110302?
3110201
In base 9, what is 3 - 216304?
-216301
In base 11, what is 1 - -2319?
231a
In base 11, what is -34018 + 12?
-34006
In base 13, what is 5 - 276?
-271
In base 7, what is -52 - 1335?
-1420
In base 11, what is 27 - 11743?
-11717
In base 5, what is -20101 - 10?
-20111
In base 3, what is -12200 + -1012011101?
-1012101001
In base 8, what is 3 - 106033?
-106030
In base 5, what is 14 + 3410?
3424
In base 2, what is -110010010011011011001 - -11?
-110010010011011010110
In base 14, what is 0 + -1a849?
-1a849
In base 6, what is 4 + -1303141?
-1303133
In base 5, what is -404321 - -11?
-404310
In base 4, what is -1013031001 + -2?
-1013031003
In base 13, what is -6c + c?
-60
In base 6, what is -10543523 - -4?
-10543515
In base 4, what is -320322 + -10?
-320332
In base 13, what is -1 - -3c16?
3c15
In base 3, what is 2012 - 1010002?
-1000220
In base 4, what is 0 + -231030112?
-231030112
In base 10, what is 95783 - 40?
95743
In base 11, what is 15a1 - -6a?
1660
In base 3, what is -10100 - 12021?
-22121
In base 15, what is 0 - b7b?
-b7b
In base 15, what is -1d + -10caa?
-10cc8
In base 4, what is 311100 - -1?
311101
In base 14, what is -1d8d5 + 1?
-1d8d4
In base 3, what is 111120 + 102212?
221102
In base 14, what is 271 + -56?
219
In base 9, what is -3 + -840746?
-840750
In base 12, what is -a7 + -4392?
-4479
In base 7, what is -624532 + 3?
-624526
In base 6, what is -25214321 - -1?
-25214320
In base 2, what is 111101101110010100 - 1000?
111101101110001100
In base 11, what is 2259a + 2?
225a1
In base 14, what is 97 + -9?
8c
In base 15, what is 180b0 - -6?
180b6
In base 16, what is -2 - -16929?
16927
In base 2, what is 1011 + -101100110?
-101011011
In base 9, what is 0 + -202306?
-202306
In base 10, what is 8 + 19093?
19101
In base 9, what is 4 - -30804?
30808
In base 5, what is -2114010 + -3?
-2114013
In base 12, what is -12 + -239b?
-23b1
In base 15, what is -23 - -68c?
669
In base 6, what is 1 - -204450?
204451
In base 16, what is 27 - -1f3?
21a
In base 10, what is 521326 - 1?
521325
In base 9, what is 272 - -32?
314
In base 5, what is -330 - 32?
-412
In base 13, what is 26495 + 2?
26497
In base 4, what is -3132 + 11023?
1231
In base 14, what is -6182a - 19?
-61845
In base 3, what is -2000 + 11122021?
11120021
In base 7, what is -103 + -4202?
-4305
In base 12, what is -129 - 72?
-19b
In base 9, what is -5 - -12756?
12751
In base 16, what is -1cf2 - -5?
-1ced
In base 10, what is 1634689 + -1?
1634688
In base 10, what is 68 + -2621?
-2553
In base 3, what is -22 - 11022201121?
-11022201220
In base 11, what is 141 - 417?
-286
In base 10, what is -8749 + -3?
-8752
In base 14, what is 9d - d2b?
-c6c
In base 12, what is 2a9020 + -1?
2a901b
In base 4, what is 222 + 1331?
2213
In base 6, what is 3 - 152045?
-152042
In base 14, what is -1 + d517?
d516
In base 5, what is 321 - 11142210?
-11141334
In base 11, what is -777 - -140?
-637
In base 3, what is -1021 + 2010002?
2001211
In base 9, what is -4 + -3526?
-3531
In base 11, what is 435282 - -5?
435287
In base 6, what is -300005 + -4?
-300013
In base 2, what is -1 - 11001101010010110010?
-11001101010010110011
In base 11, what is 56784 - -37?
56810
In base 12, what is -177a915 - -4?
-177a911
In base 4, what is 3031 - 1201?
1230
In base 13, what is -257603 + 3?
-257600
In base 5, what is 30 - -30042?
30122
In base 9, what is 5 - 26284?
-26278
In base 4, what is -10 + -133332312?
-133332322
In base 16, what is -7c - -8b?
f
In base 6, what is 2 - -201140?
201142
In base 2, what is 111111110100 - 1110?
111111100110
In base 3, what is 1001010000210 - -12?
1001010000222
In base 9, what is 0 + -48200?
-48200
In base 3, what is -20 - -22001111210?
22001111120
In base 2, what is -11001101111010001 - 100010?
-11001101111110011
In base 16, what is -2 + 8d01?
8cff
In base 11, what is -8a - -10?
-7a
In base 4, what is -332321 - -13021?
-313300
In base 8, what is 41 - -702?
743
In base 8, what is -2615 - -13?
-2602
In base 11, what 